{"id":191,"date":"2019-05-02T18:59:50","date_gmt":"2019-05-02T18:59:50","guid":{"rendered":"http:\/\/oratorium-ingolstadt.de\/?page_id=191"},"modified":"2019-05-07T12:36:16","modified_gmt":"2019-05-07T12:36:16","slug":"191-2","status":"publish","type":"page","link":"https:\/\/oratorium-ingolstadt.de\/?page_id=191","title":{"rendered":"S\u00e4ulen des Apostolats"},"content":{"rendered":"\n<p>Als Haus in Gr\u00fcndung ein Apostolat zu entwickeln, ist in mehrfacher Hinsicht eine schwierige Angelegenheit. Das Charisma des Heiligen Philipp bringt es mit sich, dass wir nach dem &#8222;genius loci&#8220; fragen m\u00fcssen. Was bringt der Ort mit sich und die Leute, die hier sind? Was will der Heilige Geist von uns?<\/p>\n\n\n\n<p>Wir k\u00f6nnen nicht wie andere Gemeinschaften mit einem fertigen Konzept aufwarten. Das Apostolat wird durch den Ort gepr\u00e4gt. Besser gesagt, durch vier Orte: den Wohnort des Oratoriums, den Versammlungsort, den Gottesdienstort und den Einsatzort der Mitbr\u00fcder. Die vier Orte k\u00f6nnen in einem zusammenfallen, m\u00fcssen es aber nicht.<\/p>\n\n\n\n<p>Als wichtiges Prinzip f\u00fcr die Gr\u00fcndung haben wir erkannt, dass wir komplement\u00e4r arbeiten sollen. Das Apostolat des Oratoriums soll keine Konkurrenz zur Territorialpfarrei oder anderen Gemeinschaften sein, vielmehr eine Erg\u00e4nzung. In diesem Sinne sind wir auf der Suche nach dem Willen des Herrn. Die von uns ins Wort gebrachten vier S\u00e4ulen unseres zuk\u00fcnftigen Apostolats k\u00f6nnen also auch nicht mehr als einen Zwischenstand abbilden. Der Prozess hat noch nicht einmal begonnen.<\/p>\n\n\n\n<figure class=\"wp-block-image\"><img loading=\"lazy\" decoding=\"async\" width=\"794\" height=\"794\" src=\"http:\/\/oratorium-ingolstadt.de\/wp-content\/uploads\/2019\/05\/S\u00e4ulen-des-Apostolats1-1.jpg\" alt=\"\" class=\"wp-image-196\" srcset=\"https:\/\/oratorium-ingolstadt.de\/wp-content\/uploads\/2019\/05\/S\u00e4ulen-des-Apostolats1-1.jpg 794w, https:\/\/oratorium-ingolstadt.de\/wp-content\/uploads\/2019\/05\/S\u00e4ulen-des-Apostolats1-1-150x150.jpg 150w, https:\/\/oratorium-ingolstadt.de\/wp-content\/uploads\/2019\/05\/S\u00e4ulen-des-Apostolats1-1-300x300.jpg 300w, https:\/\/oratorium-ingolstadt.de\/wp-content\/uploads\/2019\/05\/S\u00e4ulen-des-Apostolats1-1-768x768.jpg 768w\" sizes=\"(max-width: 794px) 100vw, 794px\" \/><\/figure>\n","protected":false},"excerpt":{"rendered":"<p>Als Haus in Gr\u00fcndung ein Apostolat zu entwickeln, ist in mehrfacher Hinsicht eine schwierige Angelegenheit. Das Charisma des Heiligen Philipp bringt es mit sich, dass wir nach dem &#8222;genius loci&#8220;&hellip; <\/p>\n","protected":false},"author":1,"featured_media":202,"parent":0,"menu_order":0,"comment_status":"closed","ping_status":"closed","template":"","meta":{"footnotes":""},"_links":{"self":[{"href":"https:\/\/oratorium-ingolstadt.de\/index.php?rest_route=\/wp\/v2\/pages\/191"}],"collection":[{"href":"https:\/\/oratorium-ingolstadt.de\/index.php?rest_route=\/wp\/v2\/pages"}],"about":[{"href":"https:\/\/oratorium-ingolstadt.de\/index.php?rest_route=\/wp\/v2\/types\/page"}],"author":[{"embeddable":true,"href":"https:\/\/oratorium-ingolstadt.de\/index.php?rest_route=\/wp\/v2\/users\/1"}],"replies":[{"embeddable":true,"href":"https:\/\/oratorium-ingolstadt.de\/index.php?rest_route=%2Fwp%2Fv2%2Fcomments&post=191"}],"version-history":[{"count":6,"href":"https:\/\/oratorium-ingolstadt.de\/index.php?rest_route=\/wp\/v2\/pages\/191\/revisions"}],"predecessor-version":[{"id":205,"href":"https:\/\/oratorium-ingolstadt.de\/index.php?rest_route=\/wp\/v2\/pages\/191\/revisions\/205"}],"wp:featuredmedia":[{"embeddable":true,"href":"https:\/\/oratorium-ingolstadt.de\/index.php?rest_route=\/wp\/v2\/media\/202"}],"wp:attachment":[{"href":"https:\/\/oratorium-ingolstadt.de\/index.php?rest_route=%2Fwp%2Fv2%2Fmedia&parent=191"}],"curies":[{"name":"wp","href":"https:\/\/api.w.org\/{rel}","templated":true}]}}