{"id":87,"date":"2018-08-31T17:46:50","date_gmt":"2018-08-31T17:46:50","guid":{"rendered":"http:\/\/oratorium-ingolstadt.de\/?page_id=87"},"modified":"2020-11-21T08:23:40","modified_gmt":"2020-11-21T08:23:40","slug":"stilles-gebet","status":"publish","type":"page","link":"https:\/\/oratorium-ingolstadt.de\/?page_id=87","title":{"rendered":"Inneres Gebet"},"content":{"rendered":"<p style=\"text-align: center;\"><strong>Die Notwendigkeit des Inneren Gebets<\/strong><\/p>\n<p align=\"LEFT\"><span style=\"color: #111111;\"><span style=\"font-family: Lato;\"><span style=\"font-size: medium;\">Ganz in der Tradition der V\u00e4ter stehend<\/span><\/span><\/span> schreibt Giacomo Kardinal Lercaro in seinem Buch \u00fcber das (betrachtende) Gebet, dass eine halbe Stunde t\u00e4glich eine absolute Notwenigkeit ist.<\/p>\n<p>Warum ist das so? Man kann doch auf vielerlei Weise beten: Mit Worten und ohne, mit Texten, Bildern, Liedern oder ganz ungegenst\u00e4ndlich.<\/p>\n<p>Eigentlich ist doch alles Gebet, was den Menschen in Verbindung zu Gott bringt. Warum braucht es dann gerade das Innere Gebet? Ein am Ende unmethodisches Verweilen in der Gegenwart Gottes?<\/p>\n<p align=\"LEFT\"><span style=\"color: #111111;\"><span style=\"font-family: Lato;\"><span style=\"font-size: medium;\">Eine einfache Antwort lautet: Das Innere Gebet ist keine Gebets<em>form<\/em>, sondern eine Gebets<em>haltung<\/em>. Formen des Betens gibt es viele. Aber alle diese Formen bleiben leer und fruchtlos, wenn sie nicht von der Haltung des Inneren Gebets getragen werden.<\/span><\/span><\/span><\/p>\n<p align=\"LEFT\"><span style=\"color: #111111;\"><span style=\"font-family: Lato;\"><span style=\"font-size: medium;\">Sie wollen wissen, was das ist? Nun, man kennt das Ph\u00e4nomen im Westen seit dem 12. Jahrhundert. Doch taten sich die Mystiker und Theologen von jeher schwer, eine derartig grundlegende und pers\u00f6nliche Art der Gottesbegegnung in Worte zu fassen. Deshalb muss man am Ende feststellen: Die Begrifflichkeiten gehen enorm durcheinander und hinterlassen den Eindruck h\u00f6chster Verwirrung.<\/span><\/span><\/span><\/p>\n<p align=\"LEFT\"><span style=\"color: #111111;\"><span style=\"font-family: Lato;\"><span style=\"font-size: medium;\">Damit sind wir der Antwort schon ganz nahe. Es bringt nicht viel, Texte und B\u00fccher \u00fcber das Innere Gebet zu lesen. Man muss es \u00fcben. T\u00e4glich, mindestens einmal, mindestens eine halbe Stunde. Beten Sie mit uns, dass wir eines Tages eine Schule des Gebets werden k\u00f6nnen, wo man dies und anderes entdecken, erproben und ein\u00fcben kann.<\/span><\/span><\/span><\/p>\n","protected":false},"excerpt":{"rendered":"<p>Die Notwendigkeit des Inneren Gebets Ganz in der Tradition der V\u00e4ter stehend schreibt Giacomo Kardinal Lercaro in seinem Buch \u00fcber das (betrachtende) Gebet, dass eine halbe Stunde t\u00e4glich eine absolute&hellip; <\/p>\n","protected":false},"author":1,"featured_media":101,"parent":52,"menu_order":0,"comment_status":"closed","ping_status":"closed","template":"","meta":{"footnotes":""},"_links":{"self":[{"href":"https:\/\/oratorium-ingolstadt.de\/index.php?rest_route=\/wp\/v2\/pages\/87"}],"collection":[{"href":"https:\/\/oratorium-ingolstadt.de\/index.php?rest_route=\/wp\/v2\/pages"}],"about":[{"href":"https:\/\/oratorium-ingolstadt.de\/index.php?rest_route=\/wp\/v2\/types\/page"}],"author":[{"embeddable":true,"href":"https:\/\/oratorium-ingolstadt.de\/index.php?rest_route=\/wp\/v2\/users\/1"}],"replies":[{"embeddable":true,"href":"https:\/\/oratorium-ingolstadt.de\/index.php?rest_route=%2Fwp%2Fv2%2Fcomments&post=87"}],"version-history":[{"count":6,"href":"https:\/\/oratorium-ingolstadt.de\/index.php?rest_route=\/wp\/v2\/pages\/87\/revisions"}],"predecessor-version":[{"id":153,"href":"https:\/\/oratorium-ingolstadt.de\/index.php?rest_route=\/wp\/v2\/pages\/87\/revisions\/153"}],"up":[{"embeddable":true,"href":"https:\/\/oratorium-ingolstadt.de\/index.php?rest_route=\/wp\/v2\/pages\/52"}],"wp:featuredmedia":[{"embeddable":true,"href":"https:\/\/oratorium-ingolstadt.de\/index.php?rest_route=\/wp\/v2\/media\/101"}],"wp:attachment":[{"href":"https:\/\/oratorium-ingolstadt.de\/index.php?rest_route=%2Fwp%2Fv2%2Fmedia&parent=87"}],"curies":[{"name":"wp","href":"https:\/\/api.w.org\/{rel}","templated":true}]}}

<p style="text-align: center;"><strong>Die Notwendigkeit des Inneren Gebets</strong></p>
<p align="LEFT"><span style="color: #111111;"><span style="font-family: Lato;"><span style="font-size: medium;">Ganz in der Tradition der Väter stehend</span></span></span> schreibt Giacomo Kardinal Lercaro in seinem Buch über das (betrachtende) Gebet, dass eine halbe Stunde täglich eine absolute Notwenigkeit ist.</p>
<p>Warum ist das so? Man kann doch auf vielerlei Weise beten: Mit Worten und ohne, mit Texten, Bildern, Liedern oder ganz ungegenständlich.</p>
<p>Eigentlich ist doch alles Gebet, was den Menschen in Verbindung zu Gott bringt. Warum braucht es dann gerade das Innere Gebet? Ein am Ende unmethodisches Verweilen in der Gegenwart Gottes?</p>
<p align="LEFT"><span style="color: #111111;"><span style="font-family: Lato;"><span style="font-size: medium;">Eine einfache Antwort lautet: Das Innere Gebet ist keine Gebets<em>form</em>, sondern eine Gebets<em>haltung</em>. Formen des Betens gibt es viele. Aber alle diese Formen bleiben leer und fruchtlos, wenn sie nicht von der Haltung des Inneren Gebets getragen werden.</span></span></span></p>
<p align="LEFT"><span style="color: #111111;"><span style="font-family: Lato;"><span style="font-size: medium;">Sie wollen wissen, was das ist? Nun, man kennt das Phänomen im Westen seit dem 12. Jahrhundert. Doch taten sich die Mystiker und Theologen von jeher schwer, eine derartig grundlegende und persönliche Art der Gottesbegegnung in Worte zu fassen. Deshalb muss man am Ende feststellen: Die Begrifflichkeiten gehen enorm durcheinander und hinterlassen den Eindruck höchster Verwirrung.</span></span></span></p>
<p align="LEFT"><span style="color: #111111;"><span style="font-family: Lato;"><span style="font-size: medium;">Damit sind wir der Antwort schon ganz nahe. Es bringt nicht viel, Texte und Bücher über das Innere Gebet zu lesen. Man muss es üben. Täglich, mindestens einmal, mindestens eine halbe Stunde. Beten Sie mit uns, dass wir eines Tages eine Schule des Gebets werden können, wo man dies und anderes entdecken, erproben und einüben kann.</span></span></span></p>

<p>Die Notwendigkeit des Inneren Gebets Ganz in der Tradition der Väter stehend schreibt Giacomo Kardinal Lercaro in seinem Buch über das (betrachtende) Gebet, dass eine halbe Stunde täglich eine absolute&hellip; </p>
